tor of a and 8.
2
Suppose -12*f = -340 + 4. Let z(i) = i**3 - 4*i + 9. Let g be z(3). Let a be (-4)/((-6)/8 + (-6)/g). What is the greatest common factor of a and f?
4
Suppose 4*c + 4*i - 72 = 0, 5*i - 4 = -3*c + 50. Suppose -c*o + 196 = -452. What is the highest common factor of o and 32?
4
Suppose 0 = t + 4, 9*d = 5*d + t + 60. Suppose 7*p = 3*p + 1092. Suppose -p = -d*v + 63. What is the greatest common divisor of v and 72?
24
Let h(m) = -m**3 + 16*m**2 + 98*m - 22. Let p be h(11). Calculate the greatest common factor of p and 151.
151
Let d(r) = 32*r**2 + 233*r - 458. Let v be d(2). Let a(h) = 42*h**3 + 2*h. Let u be a(2). Calculate the greatest common factor of u and v.
68
Let z(i) = 2*i. Let w be z(5). Suppose -2*u = 3*l + 24, -3*u = l - 6*u - 3. Let k be 2 + ((-16)/l)/((-4)/(-12)). What is the highest common factor of w and k?
10
Let t(r) = 14*r + 12. Let n be t(12). Let j = 1087 + -1067. What is the highest common factor of n and j?
20
Let i = -892 - -1266. Calculate the greatest common factor of i and 238.
34
Let p(g) = -g**2 + 78*g - 1186. Let h be p(57). Calculate the highest common factor of h and 8459.
11
Suppose -2*m - 4*m + 1836 = 0. Let j = -141 + m. Let l(o) = -o**2 - 13*o - 3. Let z be l(-9). Calculate the greatest common divisor of z and j.
33
Suppose 120 = 3*p - 2*x - 2*x, -2*p - x + 69 = 0. Let i = 6 - 4. Suppose i*n - 5*n = -p. What is the greatest common factor of 9 and n?
3
Let u(c) be the second derivative of -c**3/3 + 307*c**2/2 - c - 104. Let l be u(30). What is the highest common factor of 133 and l?
19
Let h be (13/(-2))/(21231/1062 - 20). Calculate the greatest common divisor of h and 177.
59
Suppose 0 = -273*k + 277*k. Suppose 0*p + 2*p = 76. Suppose k = 3*m - p + 20. Calculate the greatest common divisor of m and 48.
6
Let j = 3197 - 1650. What is the greatest common factor of 35 and j?
7
Suppose 5*l - 333 - 12 = 0. Let s(b) = b**3 - 8*b**2 - 6*b + 47. Let k be s(8). Let v be -3 + 46 - (k - 2). What is the greatest common divisor of l and v?
23
Suppose -4*u = -2542*h + 2538*h - 220, -6*u = -4*h - 328. Let y be 116 + 0 + 4 + -3. What is the greatest common factor of y and u?
9
Let z = -11 + 18. Let o(f) = 8*f + 89. Let a be o(5). Suppose -186 - a = -z*n. What is the highest common divisor of 5 and n?
5
Let c be 5*11 + (14 - 13). Let o(b) = -b + 9. Let l be o(8). Suppose 4*x - 18 = 2*g, -4*g + 5 = -2*x - l. Calculate the highest common divisor of c and x.
7
Let n(u) = 15*u - 259. Let i be n(28). Suppose 0 = 5*k - 2*p - 117, -5*k = -2*k + 5*p - 64. Calculate the greatest common factor of i and k.
23
Suppose -30*j = -27*j - 663. What is the greatest common divisor of j and 425?
17
Suppose -7*m + 15782 = -1067. What is the greatest common factor of m and 87?
29
Let m be (1976/40 - -3) + -4*1/10. Let y(u) = u**2 + 22*u - 21. Let t be y(-23). Calculate the greatest common divisor of t and m.
2
Let g be (5 + -1)/(-2)*315/56*-4. Calculate the greatest common factor of 3315 and g.
15
Let a(f) = -3*f**3 + 351*f**2 - 9*f**3 - 355*f**2 + 8. Let p be a(-2). Let y = 4 - -4. What is the greatest common divisor of y and p?
8
Let i(r) = r**3 - 6*r**2 + 7. Let p be i(7). Let u be 24 + (-4 + 12)*-1. What is the highest common divisor of p and u?
8
Let x(r) = 31*r + 3345. Let p be x(-103). Let m(c) = 7*c - 3. Let w be m(14). What is the highest common factor of p and w?
19
Let j = 7 + -3. Suppose 130 + 38 = j*h. Let v = -594 + 608. Calculate the highest common factor of v and h.
14
Suppose 0 = -5*b + 17*b - 60. Let v = 11 - b. Calculate the highest common factor of 27 and v.
3
Let l be (32 - -7)/(3/6). Calculate the highest common divisor of 8502 and l.
78
Let n be ((-9)/63)/((-2)/70) + 105. Calculate the highest common divisor of 99 and n.
11
Suppose -4860*l = -4845*l - 705. Suppose -51 - 43 = -2*q. Calculate the greatest common factor of q and l.
47
Let d = -89 + 105. Suppose -75*f + 77*f - d = 0. Calculate the greatest common divisor of f and 56.
8
Suppose 4*f - o = 2109, -284*f + 287*f + 3*o = 1593. Calculate the greatest common factor of 432 and f.
48
Suppose -63*w - 2428 = -65*w + u, -w + u = -1213. What is the greatest common divisor of 135 and w?
135
Let v = 37 + 39. Suppose -72*j = -v*j. Suppose j = 11*t - 312 - 1305. What is the greatest common factor of 98 and t?
49
Let z be ((-15920)/2400 - 6/(-20))/(2/(-9162)). What is the highest common factor of 57 and z?
57
Let l = 875 + -579. What is the highest common factor of l and 111?
37
Let k be ((-51)/(-2142)*105)/((-5)/(-2856)). What is the greatest common factor of 180 and k?
12
Let q(z) = -27*z + 145. Let k(s) = 44*s + 401. Let x be k(-9). Let n be q(x). What is the greatest common factor of n and 160?
10
Let c = -3509 - -4499. Calculate the greatest common factor of c and 54.
18
Let k be 15198/90 - (-1)/((-15)/(-2)). Let y = 549 + -458. What is the greatest common factor of k and y?
13
Let y(d) = -3*d**2 + 37*d + 114. Let w be y(13). What is the highest common factor of 110 and w?
22
Let v be 6/10*(-2 + (5 - 7 - -14)). What is the highest common factor of v and 5286?
6
Let r be 2 + (-536)/14 - (-8)/28. Let x be (r/(-7))/((-10)/(-35)). Let m = x + 4. Calculate the highest common factor of 11 and m.
11
Let o = -21755 - -21940. What is the highest common factor of 26270 and o?
185
Suppose -20*s + 104705 + 48755 = -24960. Calculate the highest common factor of s and 33.
11
Let k(r) = -r**2 - 13*r + 2. Let m(p) = p**2 + 15*p - 2. Let v(a) = 5*k(a) + 4*m(a). Let t be v(0). Calculate the greatest common divisor of t and 34.
2
Let i = -6216 - -6302. What is the greatest common divisor of i and 86?
86
Suppose -410*b = -416*b + 6. Suppose 5*j - 4*c - 15 = -0*c, -3*j + 5*c = -9. What is the greatest common divisor of j and b?
1
Suppose -2*l = -2*a - 48, -3*l = -45*a + 49*a - 107. Let m be 9/(-5) + 2 - (-38)/10. What is the highest common factor of l and m?
1
Let f(l) = 2*l**3 + 47*l**2 + 235*l + 6. Let p be f(-16). What is the greatest common factor of p and 1935?
43
Let t be (-6)/(-21) - (30/7 + -4). Suppose -13*l + 532 - 181 = t. Calculate the highest common factor of 1 and l.
1
Let q(d) = -265*d**2 - 1352*d - 8. Let l be q(-4). What is the highest common divisor of l and 1480?
40
Let c be 3 + 2/(-1) + 2. Suppose 3*q - c*k - 183 = -2*q, -k + 107 = 3*q. Let u = -21 + 39. Calculate the greatest common divisor of u and q.
18
Let j = -23 - -158. Suppose -4*a = -185 - j. What is the highest common divisor of a and 10?
10
Suppose -2*o + 12 = -2*l, o + 2*l = 6*l. Let c = o + -13. Let d be 244 - (-21)/(-7) - (c + 1). What is the greatest common divisor of 98 and d?
49
Suppose -3*p = -5*p + 14. Suppose -133 = -p*u - 0*u. Let i = -183 - -354. Calculate the greatest common factor of i and u.
19
Let i(g) = 330*g - 2718. Let m be i(9). What is the highest common factor of 16884 and m?
252
Let r(h) = -10*h. Let g be r(-1). Let d be -2*7 + 108*(-742)/(-189). Calculate the highest common factor of d and g.
10
Suppose -2*k + k = 0, 3*k + 31 + 241 = 4*a. What is the greatest common factor of a and 40188?
68
Suppose -p - 16023 = 20*p. Let o = -758 - p. Calculate the greatest common divisor of 55 and o.
5
Let g = 5465 - 5380. Calculate the greatest common divisor of 289 and g.
17
Suppose -264 = 3*q - 0*q. Let h = -66 - q. Calculate the highest common factor of 418 and h.
22
Suppose 4*m = -147*m + 99207. Calculate the highest common factor of m and 45.
9
Let n(i) = i**3 - 10*i**2 - 10*i + 113. Let p be n(11). What is the highest common divisor of p and 6?
2
Suppose 8*r = -399 + 431. Let h be 288 - ((-8)/5)/((-18)/(-45)). What is the greatest common divisor of h and r?
4
Let m = -10 - -60. Let i(z) = 2*z**2 + 16*z + 74. Let p be i(-6). Calculate the highest common factor of m and p.
50
Suppose 0 + 2 = 2*a. Let t = 1111 + -1106. Calculate the greatest common factor of a and t.
1
Suppose 3*y = 6 + 6. Suppose -6*u + y*u = 6, 1 = a + u. Suppose 0 = -2*h + 3*h - a. Calculate the highest common factor of h and 4.
4
Suppose 17 = 4*o - 3*b, 5*o - 18 = 3*b + 1. Let i(m) = 6*m**3 + 7*m**2 - 10*m + 2. Let z be i(o). What is the highest common divisor of z and 145?
29
Let m = 4369 - 4345. Calculate the greatest common factor of m and 216.
24
Let w(v) = -18*v - 17. Let o be w(-3). Let g be (-4 - -3 - o)/((-2)/